ainder when 35 is divided by l(-2).
17
Suppose z - 5*w - 50 = 0, z + w = 1 + 31. Calculate the remainder when z is divided by 9.
8
Suppose -3*v = 9, 3*c = c - 4*v - 40. Calculate the remainder when 39 is divided by (c/(-4))/((-3)/(-18)).
18
Let r = -9 + 16. Suppose 5*m - 5*f = 2*m + 66, 3*m - 66 = -4*f. Let h = m + -11. What is the remainder when h is divided by r?
4
Suppose 5*k - b - 11 = -0*k, -2*b = 5*k - 23. Suppose 27 = 3*r - v - 131, k*r = 4*v + 155. Calculate the remainder when r is divided by 14.
11
What is the remainder when 128 is divided by (-3 - -35)*1 - -1?
29
Suppose z = -4*o - 2*z + 194, 0 = 5*o - 4*z - 258. Calculate the remainder when o is divided by 6.
2
Suppose 4*r + b = -2*b + 2, -6 = -2*r + b. Suppose i - 25 = -r*j, -2*i - 2*j + 38 = -j. Let w = i + -11. Calculate the remainder when 17 is divided by w.
5
Let g(t) = t**2 + 3*t + 7. Let s be g(-5). Let d = s + 22. What is the remainder when d is divided by 14?
11
Let w = 3 - -43. What is the remainder when w is divided by 16?
14
Let t = 3 - 6. Let z be t/(-3)*(-16)/(-2). Let s = 0 + z. Calculate the remainder when 23 is divided by s.
7
Suppose -3*v + w - 5 = 6*w, -5 = 2*v + 5*w. Suppose v*c - 4 = -c. Suppose -5*j + 12 = -3*j. Calculate the remainder when j is divided by c.
2
Suppose -2*d - 132 = -4*b - 4*d, -99 = -3*b + 3*d. Let n = b + -13. Suppose 0 = -i - 4*i + n. What is the remainder when 6 is divided by i?
2
Suppose 0 = -2*j + 37 + 9. What is the remainder when j is divided by 12 - ((-4)/2 + 2)?
11
Suppose 14*r = 12*r + 26. Calculate the remainder when 48 is divided by r.
9
Suppose 5*p + 2*d - 343 = 512, 5*p = -3*d + 860. Let x = p + -113. Calculate the remainder when x is divided by 19.
18
Let m be (-51)/(-7) + 12/(-42). Calculate the remainder when (m*-5)/(0 - 1) is divided by 12.
11
Let w = 16 + -18. What is the remainder when 4 is divided by (-8)/w + -1 + -1?
0
What is the remainder when 74 is divided by 9/6 + (-70)/(-4)?
17
Calculate the remainder when 13 is divided by (11 + -3)/(0 + 1).
5
Let k be ((-1)/3)/(2/(-318)). Let z = k - 33. Suppose 4*u - 5*j - 6 = 18, 5*u - 67 = -3*j. What is the remainder when z is divided by u?
9
Let h = 0 - -1. Suppose -27 + 11 = -4*x. Calculate the remainder when x is divided by h.
0
Let z(b) = b**3 + 4*b**2 - 7*b - 1. Calculate the remainder when 25 is divided by z(-5).
7
Let u = -1 + -1. Let m be (-1*6)/(3/u). Suppose m*g = 3*g + 47. What is the remainder when g is divided by 12?
11
Suppose -3*h + 2*h = -g - 8, h - 3*g - 8 = 0. Let v = h - -19. Suppose 0 = -4*o + 79 - 23. Calculate the remainder when v is divided by o.
13
Suppose 5*x - 5*u = x + 61, 16 = 4*x + 4*u. Let v = -50 + 84. What is the remainder when v is divided by x?
7
Let i be (-44 - 2) + (0 - 1). Let s = i + 85. Suppose -w = -0*w - s. Calculate the remainder when w is divided by 13.
12
Let m(n) = 17*n**2 - 17*n + 14. Let i(b) = 11*b**2 - 11*b + 9. Let p(x) = 8*i(x) - 5*m(x). What is the remainder when p(3) is divided by 11?
9
What is the remainder when (-4)/(-12) + 14*(-22)/(-12) is divided by 7?
5
Let a = 14 + -20. Let w(h) = -2*h - 10. Suppose -3*l + 0 + 9 = 0. What is the remainder when l is divided by w(a)?
1
Suppose 2*x - w - 20 = 0, 3*x + 0*w - 35 = 4*w. What is the remainder when 15 is divided by x?
6
Suppose -3*k - i = -31, -i - 7 = -4*k + 32. Calculate the remainder when (28 + -2)/(2/3) is divided by k.
9
Let u(p) = -p**2 + 12*p - 22. Calculate the remainder when 11 is divided by u(9).
1
Suppose 5*w = 81 + 29. Suppose -10 - 8 = -3*z. Calculate the remainder when w is divided by z.
4
Suppose -3*o = k - 34, -3*k = 2*o - 18 - 14. Calculate the remainder when o is divided by 4.
2
Suppose 4*w + 12 = 40. Suppose 0 = s + 5*o - 16, -4*o - 16 = 3*s - 5*o. Let u = w + s. Calculate the remainder when u is divided by 2.
1
Let v be ((-5)/10)/((-1)/(-32)). Let t = v + 23. Let r(b) = -b**3 + 7*b**2 + b - 2. What is the remainder when 8 is divided by r(t)?
3
Suppose 32*t = 35*t - 30. What is the remainder when 177 is divided by t?
7
Let h = 9 + 22. What is the remainder when h is divided by 17?
14
Suppose 0 = 4*w - 17 - 7. Calculate the remainder when (-315)/(-20) + 6/(-8) is divided by w.
3
Suppose -3*d + 3*p + 30 = 0, 0*d + p + 23 = 2*d. Let i be 27/(-3) - 1/(-1). Let q(h) = h + 13. Calculate the remainder when d is divided by q(i).
3
Suppose 0 = -2*q + 3*v + 25, 52 = 5*q + 3*v - 21. Suppose 2*u = 10, 88 + 14 = 3*g - 3*u. Calculate the remainder when g is divided by q.
11
Let b(a) = 4*a**3 - 5*a + 3. Let o be b(3). Suppose 4*h - h = o. What is the remainder when 43 is divided by 8/h - (-174)/8?
21
Suppose r - 4*t = -2*t + 12, -2*r + 2*t + 18 = 0. Calculate the remainder when 28 is divided by r.
4
Let s be 1 - 2 - (0 + 1). Let w be 6/4*s*2. What is the remainder when ((-31)/3)/(2/w) is divided by 11?
9
Suppose h - 27 = -2*h. Calculate the remainder when 35 is divided by h.
8
Let a(z) = 4*z**2 + 4*z + 3. Let r(v) = -5*v**2 - 3*v - 4. Let b(y) = -6*a(y) - 5*r(y). Calculate the remainder when b(12) is divided by 13.
12
Let x = 4 - 2. Suppose 1 = -x*l + 15. Calculate the remainder when 25 is divided by l.
4
Calculate the remainder when 132 is divided by (20/(-16) + -1)/((-4)/48).
24
Let v(r) be the second derivative of -r**4/12 + 2*r**3 - 9*r**2/2 + r. Let g = -5 + 13. What is the remainder when v(g) is divided by 8?
7
Suppose -3*u = -4 - 8, -5*u = 3*f - 41. Calculate the remainder when 19 is divided by f.
5
What is the remainder when 61/4 + 11/(-44) is divided by 4?
3
Let w = 3 + 12. What is the remainder when (108/w)/((-6)/(-20)) is divided by (13/2)/(2/4)?
11
Calculate the remainder when 22 is divided by ((-9)/4)/((-6)/16).
4
Suppose 0*o + 24 = o. Calculate the remainder when o is divided by (-93)/(-7) - 6/21.
11
What is the remainder when 147 is divided by (-21)/2*(-20)/7?
27
Suppose 5*t - 2292 = -162. Suppose -3*y + t = 159. Suppose -2*c + y - 7 = 0. What is the remainder when c is divided by 14?
13
Suppose 10 = s - 2*n, 23 = -2*s - 5*n + 7. Suppose -4 = 2*j - s. Calculate the remainder when 13 is divided by j/1 - (-10 + 2).
6
Let o = -17 - -48. Calculate the remainder when o is divided by 11.
9
Suppose 70 + 5 = 3*z. Calculate the remainder when z is divided by 4.
1
Suppose -5*f + 4*f = -1. What is the remainder when (-3 - f)*(-51)/12 is divided by 9?
8
Let n(f) = 2*f - 16. Let l be n(16). Calculate the remainder when ((-88)/l)/((-1)/4) is divided by 8.
6
Calculate the remainder when 67 is divided by 320/18 - -2*2/18.
13
Suppose -3*r + 4*f + 92 = 0, -5*r + 131 + 3 = 3*f. Calculate the remainder when 81 is divided by r.
25
Suppose -3*s + 18 = -s. Let a(r) = r + 2. Calculate the remainder when 32 is divided by a(s).
10
Let i = -11 - -13. Let l be (-85)/(-2)*(-4)/(-5). Suppose 0*s - 35 = -3*c - i*s, 2*c - 4*s = l. Calculate the remainder when c is divided by 5.
3
Suppose 4*n = 4*q - 84, -q + 31 = 3*n - 2. What is the remainder when 47 is divided by q?
23
Suppose -7*j + 2*j - 15 = 0. Let c = 1 - j. Calculate the remainder when (-42)/(-9)*(-3)/(-2) is divided by c.
3
Suppose -3*h - 4 - 5 = 0. What is the remainder when 33 is divided by 3*(3 + (-8)/h)?
16
Suppose 0 = -4*i - 5*d - 0*d, d = -3*i. Suppose i = 5*f - 0*f - 105. What is the remainder when f is divided by 8?
5
Suppose 5*r + b + 2544 = 0, -4*r - b - 1720 = 316. Let g be 10/35 - r/(-14). Let j = -12 - g. Calculate the remainder when 46 is divided by j.
22
Suppose 6 = 2*q - 2*m, 0*q - 3*q + 2*m = -10. Let g = 32 - 31. Suppose 3*t - 13 = -g, -q*b = t - 88. What is the remainder when 62 is divided by b?
20
Let f be ((-1)/3)/((-2)/12). Let t = f - 18. Let r = 6 - t. What is the remainder when r is divided by 8?
6
Let m(k) = -k - 3. Let a be m(-3). Suppose x + 1 = 4*u - a*x, 6 = -3*u + 3*x. What is the remainder when u is divided by 1?
0
Suppose 5*d - 67 = 2*f + 181, -3*f - 60 = -d. Suppose 6*b - d = 4*b. What is the remainder when 46 is divided by b?
22
Let a = 27 + -5. What is the remainder when a is divided by 8?
6
Suppose -3*y = -5*v + 581, -y = -2*v - v + 347. Let l = v + -75. What is the remainder when l is divided by 14?
12
Suppose -2*i = 2*i - 120. What is the remainder when 148 is divided by i?
28
Let v(j) = 4*j + 3. Calculate the remainder when v(8) is divided by 12.
11
Suppose 340 + 398 = 9*v. Calculate the re